-24. Suppose 0 = d*u - 12, -4*u + 0*u - 204 = -5*k. Let a = -27 + k. What is the highest common factor of a and 34?
17
Let k = 3433 - 3405. What is the greatest common factor of k and 686?
14
Let z(o) = 30 + 18*o - o - 7 + 3*o + 24. Let k be z(-2). What is the greatest common divisor of k and 420?
7
Let k(l) = -2*l**2 + 18. Let x be k(-3). Suppose -15*w + 11*w + 240 = x. What is the greatest common divisor of w and 140?
20
Suppose -12*c = -25901 + 25697. What is the highest common factor of 50201 and c?
17
Suppose -40*r + 896 = -32*r. Suppose -2*b + r = 4*s, 0 = 5*b - s + 2*s - 244. What is the greatest common divisor of b and 36?
12
Suppose 2*u = -554 + 586. Let f = -72 + 103. Let i = f + -7. What is the greatest common divisor of i and u?
8
Let l(v) = -2*v - 5. Let b(r) = -1. Let o(f) = -2*b(f) + l(f). Let n be o(-2). Let d be 5/((-20)/28)*-1. Calculate the highest common divisor of d and n.
1
Suppose 5*a - 908*c - 13205 = -906*c, -3*c = a - 2624. What is the highest common factor of a and 910?
91
Let g(s) = s**3 - 46*s**2 - 39*s - 369. Let h be g(47). Calculate the highest common factor of h and 343.
7
Let g be -1*((-3834)/6 + -9 + 16). What is the highest common divisor of g and 32?
8
Let k(o) = -6*o**3 - 86*o**2 - 32*o - 43. Let t be k(-14). What is the highest common factor of 5655 and t?
13
Let b = 62 + -60. Suppose b*o - 5 = -9. Let f be 4905/75 - o/(-5). Calculate the greatest common factor of 26 and f.
13
Let o(y) = 3*y**3 + 5*y - 10. Let x be o(2). Let c be x/9*27/(-2 + 3). What is the greatest common divisor of c and 180?
36
Let a = -76931 + 77462. Suppose -5*r = 4*n - 256, -3*n - 3*r + 0*r + 189 = 0. Calculate the highest common divisor of n and a.
59
Let b be (2558/(-5))/((-5970)/(-375) - 16). Calculate the highest common factor of 5 and b.
5
Suppose -5*s - f = 96 - 625, 3*f = -3*s + 327. Let h be (-1 - 16/(-12))*(3 + s). Calculate the highest common divisor of 198 and h.
18
Suppose 573*v - 596*v = -56350. Calculate the greatest common divisor of v and 20.
10
Let n(v) be the second derivative of -v**5/20 + 5*v**4/6 + 19*v**3/2 - 9*v**2/2 + v. Let u be n(-7). Calculate the highest common divisor of u and 25.
25
Suppose 4*f - 142 = 3*n, -3*f + 8*f - 181 = 2*n. Let c = f - -13. Suppose -u + 101 = 5*t, -3*t + u - 2*u = -61. What is the greatest common factor of c and t?
10
Suppose 2*x = -6, 169 = 4*f + 5*x + 36. Let a = -54 - -42. Let t be 8280/28 - a/42. Calculate the highest common divisor of t and f.
37
Let v be (-1873)/5 + -4 + 3/5. Let k be (v/3)/(-6) - 1. Calculate the greatest common divisor of 15 and k.
5
Suppose -5*w = -10, 0*a + 4*a + 5*w = 226. Suppose -106*n = -103*n - a. Calculate the highest common factor of n and 90.
18
Suppose -j - 236 = -4*c, 35*c + 5*j = 38*c - 160. What is the highest common divisor of c and 960?
60
Suppose -111003 = -90*w + 79*w + 158189. Calculate the greatest common divisor of w and 152.
152
Let f(n) = 5*n - 4. Let s be f(5). Suppose 42857 = -28*i + 45405. Calculate the highest common factor of s and i.
7
Let s(x) = 11*x**2 - 5*x + 2. Let k be s(1). Let v be 2320/k - 4/2. What is the highest common factor of v and 18?
18
Suppose h + 4 = 5*c, -20 = -4*h + c + 2. Calculate the greatest common divisor of 654 and h.
6
Suppose 5*n = -20, 108*n = -3*k + 103*n + 63160. Calculate the highest common divisor of k and 351.
351
Let l(o) = -o**3 - 5*o**2 - 2*o - 1. Let f be l(-5). Suppose 164 = 5*d - 331. Let j = d + -9. Calculate the greatest common factor of j and f.
9
Suppose -n + 60 = c - 7*n, 4*c = -4*n + 16. Suppose -4*p = 5*i - 72, 3*i - 5*p + 0*p - 21 = 0. What is the greatest common divisor of i and c?
12
Let u = 106 - 101. Suppose 2*r = 2*a - 4*a + 200, -u*a + 460 = -5*r. Calculate the highest common factor of a and 12.
12
Suppose -50*g + l - 1415 = -53*g, 461 = g + 3*l. Calculate the greatest common factor of 215 and g.
43
Suppose 38*p - 15*p - 25760 = -47*p. Calculate the greatest common divisor of 1127 and p.
23
Let g(t) = -t + 29. Suppose -3*v + 15 = 0, -4*v + 5 + 15 = 4*q. Let o be g(q). Let u = 744 - 715. What is the highest common divisor of u and o?
29
Let v be 18/4*(-4844)/(-1557)*3/2. Let t = 194 - 47. Calculate the highest common divisor of t and v.
21
Suppose -2*q = -3*q - 2*u - 7, 0 = 5*q + 3*u. Suppose 7*n - 12*n - 3*i = -219, -133 = -q*n - i. Calculate the highest common divisor of n and 270.
45
Let t(f) = -f**2 + f + 137. Let o be 54/(-4) - (11 - 108/8). Let z be t(o). What is the highest common factor of 395 and z?
5
Let u(q) = -q**2 - 18*q + 2. Let v be u(-18). Let p be -1 - ((-6)/v)/((-6)/(-6)). Let l be (2 - 4 - -9)/1. What is the highest common divisor of p and l?
1
Let q = -2029 - -2658. Calculate the greatest common divisor of 119 and q.
17
Let a be ((-2)/(-3))/((-14)/(-1680)). Let n = a - 69. Let d be (n*-11)/(2 + -4 - -1). Calculate the highest common factor of d and 11.
11
Let p be (1*-89)/(((-108)/(-864))/(1/(-1))). What is the highest common factor of 5429 and p?
89
Let d(q) = -2*q**2 + 13*q + 5. Let f be 19/38 + 13/2. Let w be d(f). Let u be -1*(w - (1/1 + 27)). Calculate the greatest common divisor of 40 and u.
10
Let k be -1 + 2/3 - 1*(-6348)/36. Let s(f) = f**2 - 10*f. Let d be s(10). Suppose d*c + 16 = c. What is the greatest common factor of k and c?
16
Suppose 0 = -5*v + 50*v - 1620. Calculate the highest common factor of v and 324.
36
Let a(g) = 2*g**3 + 6*g**2 - 15*g + 58. Let s be a(4). What is the greatest common divisor of 18 and s?
6
Let s = -18 - 2. Let b be s/((-7 + 9)/(-1)). What is the highest common factor of 160 and b?
10
Let r = -90 - -167. Suppose -1474 = -23*w - 462. What is the greatest common divisor of r and w?
11
Let r = 52 - 47. Suppose -f - r*h - 121 = -3*f, 340 = 5*f - 5*h. Calculate the greatest common divisor of f and 803.
73
Let o be (1 - -13807) + 95 + -82. Calculate the highest common factor of 51 and o.
51
Suppose 0 = 33*g - 14803 + 2131. Suppose 57 = 5*t - 3. Calculate the highest common factor of t and g.
12
Let q = -1 - -36. Suppose 10*t + 12*t + 4642 = 0. Let u = t - -216. Calculate the highest common factor of u and q.
5
Let x = 70 - 7. Suppose -5*q - x + 343 = 0. Calculate the highest common divisor of 1288 and q.
56
Suppose 5*d + u - 28211 = 0, 87*u = 5*d + 84*u - 28207. What is the highest common divisor of d and 62?
62
Let a be -2 + (-60)/(-21) + 40/(-140)*-1068. What is the highest common divisor of a and 1207?
17
Let b = 350 + -266. Suppose 3*o - 179 = -f, 2*o = f - 150 - 34. Calculate the greatest common factor of f and b.
14
Let w be (-4)/16 - 385770/(-168). Calculate the greatest common divisor of 112 and w.
56
Let b be -55*7*-1 - (-1208)/(-151). What is the greatest common divisor of 13 and b?
13
Let h be (44950/(-200))/((-2)/(12*2)). What is the greatest common divisor of 465 and h?
93
Let d(s) = 3*s + 1. Let y be d(7). Let x be (-4624)/y - (12/(-22))/3. Let i be x/(-8) + 30/40. What is the greatest common divisor of 27 and i?
27
Suppose 5*a + 5*x = 4757 - 1087, -3646 = -5*a + 3*x. Calculate the highest common factor of 43 and a.
43
Suppose 0 = -o - 44*x + 42*x + 13, 4*x = -o + 19. Calculate the greatest common divisor of 3836 and o.
7
Let y(m) be the second derivative of -17*m**3/2 - 27*m**2 - m + 51. Let h be y(-2). Calculate the greatest common factor of 176 and h.
16
Suppose 260 = 60*u - 55*u - 5*k, -16 = -4*k. Calculate the greatest common divisor of 832 and u.
8
Let i(n) = 11*n + 12 + 5*n**2 + 2*n**2 + 2*n**2 - 7*n**2. Let a be -1 + (-6 - -3 - 2). Let j be i(a). What is the highest common divisor of 3 and j?
3
Let h be (5 - (0 + -2))*6/21. Suppose -h*f = 3*g + 72, 3*f + 49 = -2*g + 2*f. Let b = g - -28. Calculate the greatest common divisor of 4 and b.
2
Let p(u) = -977*u - 5057. Let a be p(-13). What is the greatest common factor of a and 624?
156
Let w(g) = -3*g + 22. Let c be w(-22). Suppose -90*p + 192 = -c*p. What is the highest common divisor of 32 and p?
32
Let p = 127 + -10. Let s be 282/(-1692) + 79/6. Calculate the highest common divisor of p and s.
13
Suppose -2*g + 1106 + 14 = -0*g. Calculate the greatest common divisor of 160 and g.
80
Suppose -5*v + 12 = -d, -4*d + 0 + 12 = -5*v. Let g be (-16)/d*(-1 + -3). Let j be 30/(-80) - (-91)/g. What is the highest common factor of j and 99?
11
Suppose -41